me factors of k.
2, 5
Let t be (-3*1)/((-18)/132). Suppose -8 = -l + 4*q - 2, 0 = -2*l + 2*q + 6. Suppose 0 = -2*n + 3*y + t, 3 = -l*n - 3*y + 1. List the prime factors of n.
5
Let j = 7 - 6. Let p(o) = 70*o + 1. Let d be p(j). Let a = -46 + d. List the prime factors of a.
5
Let x = 407 - -174. List the prime factors of x.
7, 83
Let l be (-2)/(-14) + (-496)/(-56). Let b(i) = i**2 - 4*i - 21. What are the prime factors of b(l)?
2, 3
List the prime factors of (-388*10*(-4)/(-16))/(-2).
5, 97
Suppose 2*f - 3*j = 653, 2*f - 2*j + 3*j = 657. Suppose -3*o + 4*b = -0*o - f, 2*o = 4*b + 212. List the prime factors of o.
2, 29
Let i(a) = 20*a**2 - 4*a - 60. List the prime factors of i(9).
2, 3, 127
Let l = 9169 + -6398. Suppose -17*x + 3196 = -l. What are the prime factors of x?
3, 13
Let r be (155/15)/(3/(-9)). Let w = 16 - r. What are the prime factors of w?
47
Let y(l) = l**2 - 4*l - 1. Suppose 6*b - 7*b + 5 = 0. Let d be y(b). Suppose -d*t + 266 = 2*k - 22, -t = 5*k - 72. List the prime factors of t.
2, 3
Let d = -275 + 396. Let x = -51 + d. List the prime factors of x.
2, 5, 7
Let c(w) = 160*w + 135. What are the prime factors of c(8)?
5, 283
Let o(l) = 7*l - 23. Suppose 3*s - 16 = 2*y + 4, 28 = 5*s - 2*y. What are the prime factors of o(s)?
5
Suppose -5*t + 16 = -3*t. Suppose 0 = -t*j + 1205 + 339. List the prime factors of j.
193
Suppose -5*f + 8488 = 5*j - 82, 0 = -2*j. What are the prime factors of f?
2, 857
Suppose 96 = -6*u + u + t, 5*u + 3*t = -112. Let p be ((-6)/1)/(6/u). Let h = -5 + p. What are the prime factors of h?
3, 5
What are the prime factors of (-1770)/18*84/(-10)?
2, 7, 59
Suppose -4*w + 1418 = -2*w - 4*f, -3*f + 15 = 0. List the prime factors of w.
719
Suppose 2*l - 10 = -k, 0 = -2*l - 5*k + 1 - 7. Suppose l*a - 3*a - 6 = 2*p, 5*a - 3*p = 8. List the prime factors of 24 + 2*a/(-2).
23
Suppose -325*a = -326*a + 1983. What are the prime factors of a?
3, 661
Suppose -i + 835 = -5*h, 4*i - 45*h = -46*h + 3235. List the prime factors of i.
2, 3, 5
Suppose 0 = 22*w - 30505 - 29225. What are the prime factors of w?
3, 5, 181
Suppose 0 = 2*v + 2, -n - 3*v - 9 = 2*n. Let g be (-4 - -1) + (-12)/n. Suppose 2 = f - g*k, 2*f - 5*k - 8 = -3. List the prime factors of f.
5
Suppose 0 = -5*f - 2*z + 4262, -4*f = -29*z + 26*z - 3405. List the prime factors of f.
2, 3, 71
Let y = 3295 - 1780. What are the prime factors of y?
3, 5, 101
What are the prime factors of 3/(-12) + 900/16?
2, 7
Let x = 31 + -86. List the prime factors of (5 - 2)*x/(-3).
5, 11
Let y(z) = 5*z**2 + z + 2. Let g be y(-2). Suppose -5*x + g = -s, -2*s - 3*s = -4*x + 121. List the prime factors of ((-68)/10)/(5/s).
2, 17
Let x = 131 - 134. List the prime factors of (x/(-1))/(2/98).
3, 7
Suppose 36*r + 41093 = 111365. List the prime factors of r.
2, 61
Let a be 0 + (-146)/(-6) - 36/(-54). Let u = a - 13. What are the prime factors of u?
2, 3
Suppose 786 = -3*l + 6*l. Let n = -139 + l. List the prime factors of n.
3, 41
Let t(k) = 2*k**3 - 4*k**2 - 4. Let y(d) = d - 2. Let q be y(5). Let m be t(q). List the prime factors of 7 + 7/(m/(-4)).
5
Let s(z) = -2*z**3 - 2*z**2 + 3*z + 2. Let g(t) = -20 - 10*t**3 + 9*t**3 + 13*t**2 + 15*t + 4. Let d be g(14). What are the prime factors of s(d)?
2
Let q = -1001 + 1636. List the prime factors of q.
5, 127
Suppose 4*r = r - 5*n + 443, -r + 142 = -4*n. What are the prime factors of 8*2/(-4) + r?
2, 71
Let o(z) = -z**2 - 3*z + 16. Let n be o(-5). Suppose -38 = -n*i + 256. List the prime factors of i.
7
Suppose 26*l - 23*l + 255 = 0. Let q = l - -163. What are the prime factors of q?
2, 3, 13
Suppose 3*t = -4*x + 3178, x - t - 2*t - 787 = 0. What are the prime factors of x?
13, 61
List the prime factors of 2345 + (-21)/(210/100).
5, 467
Let j = 470 - 12. List the prime factors of j.
2, 229
Let t(y) = y**2 - 7*y - 37. Let p(r) = r**2 - 8*r - 37. Let j(g) = -2*p(g) + 3*t(g). What are the prime factors of j(16)?
139
Suppose -10 = -5*a - 3*u + 17, 5*a - 5*u = -5. Suppose -a*j + 2*j + 3 = 0. Suppose j*g = 47 + 34. What are the prime factors of g?
3
Suppose 4*g = 5*g. Suppose g = -n - 3*n. Suppose n = m + 2*m - 66. List the prime factors of m.
2, 11
Let r(u) = u**3 + u**2 - 7*u + 2. Let k be r(4). Let n be (-26)/(-1 - (-4)/6). Let l = n - k. List the prime factors of l.
2, 3
Let t(s) = -s**2 - 14*s - 3. Let q be t(-14). Let u be ((-2)/q)/((-7)/(-126)). Suppose 2*z - u = z. List the prime factors of z.
2, 3
List the prime factors of 8/((-8)/(-56)*(-14)/(-604)).
2, 151
Let s = 29 - 22. Suppose s*j - 29 = 48. What are the prime factors of j?
11
Let w(y) = -y**2 + 2*y. Let f be w(2). Suppose 4*n = 3*h + 63, f = -n - n - 4*h + 4. List the prime factors of 3/(n/(-4))*-15.
3, 5
What are the prime factors of 782/6 - (-1)/(-3)?
2, 5, 13
Let r = 48 + -45. Let w(s) = 18*s + 4. What are the prime factors of w(r)?
2, 29
What are the prime factors of (225 - 1) + 12/(-3)?
2, 5, 11
Let w be -12*(-2 + 12/9). Let t(b) = b**2 - 5*b - 8. Let c be t(w). Let s = c - 6. List the prime factors of s.
2, 5
Let i(a) = a - 1. Let c be i(1). Suppose 4*b - 48 - 132 = c. Suppose -5*f - b = -180. List the prime factors of f.
3
Suppose 4*i + 21 - 77 = 0. Let l = i + -24. What are the prime factors of ((-6)/l)/((-12)/(-660))?
3, 11
Let l = 17 - 17. Suppose -4*s - 61 + 5 = l. What are the prime factors of 1*2/(-4)*s?
7
Let w = -171 - -24. Let t = w - -220. List the prime factors of t.
73
Let x(c) = -c**2 - 4*c + 12. Let z(y) = 14*y - 59 - 12*y + 5*y**2 + 17*y. Let k(b) = -11*x(b) - 2*z(b). What are the prime factors of k(-12)?
2, 29
List the prime factors of (20/12)/(25/12870).
2, 3, 11, 13
Let p(w) = 2*w**2 - w - 8. Let r be p(-2). Suppose -25 = -5*z + 20. Suppose r*i - 53 = -a, -4*a + 47 = 2*i - z. List the prime factors of i.
2, 13
Let u(f) = 97*f - 8. Let q be u(-6). Let r be (-1)/3 - q/15. Suppose 0 = -2*c + 7 + r. List the prime factors of c.
23
Let b(g) = -44*g - 6. Let i be b(-3). Suppose -8*t - i = -t. Let h = t + 29. What are the prime factors of h?
11
Suppose 0 = -2*h + 2*p + 362, -h - 5*p = 2*h - 551. Let n = h - 62. List the prime factors of ((-6)/5)/((-16)/n).
3
Suppose r - 4*r = 33. Let b = 13 + r. What are the prime factors of b - 1 - -42 - -2?
3, 5
Suppose 5*v - 82 = -4*r, v + 2*v = -6. Let o = r - 20. Suppose -o*m = -12 - 21. List the prime factors of m.
11
Let a be (15/(-12))/((-1)/4). Suppose h = a*i - 208, -h + 116 = 3*i - 6*h. What are the prime factors of i?
2, 3, 7
Suppose 146*g - 30 = 151*g. What are the prime factors of -1 - (g*4/(-8) - 91)?
3, 29
Let r(j) = -4*j - 3. Let a be r(4). Let p = -16 - a. Suppose 5*y + 6 - 31 = 0, -d + 32 = p*y. What are the prime factors of d?
17
Let t be -3 + (-5)/(-1) + 2. Suppose -t*c = -369 + 25. What are the prime factors of c?
2, 43
What are the prime factors of 2158/10 - 132/165?
5, 43
Let y(z) be the second derivative of -z**4/12 + 5*z**3/2 + 9*z**2 - z. Let g = -80 + 95. What are the prime factors of y(g)?
2, 3
Let r(w) = -w**3 + 6*w**2 - w + 7. Suppose -4*u = 5*p - 29, 4*p + 27 = 5*u + p. Let o be r(u). Let i(g) = 30*g. What are the prime factors of i(o)?
2, 3, 5
Let w(x) = -x - 4. Let u be w(-4). Suppose 4*c + 4*f - 70 - 150 = u, -3*c + 5*f = -157. Let a = c + -16. What are the prime factors of a?
2, 19
Let h(f) = f**3 + 8*f**2 + 3*f - 9. Let a be h(-4). Let b = a - -17. List the prime factors of b.
2, 3, 5
Let h be (-24)/14 + (4 - (-150)/(-35)). List the prime factors of (-4)/(-2 - 2) + h + 168.
167
Let z(l) be the second derivative of l**3/3 + 5*l**2 - 21*l. List the prime factors of z(10).
2, 3, 5
Suppose -85*o = -69*o - 10992. What are the prime factors of o?
3, 229
Suppose -3967*z + 3974*z - 11886 = 0. List the prime factors of z.
2, 3, 283
Suppose -220 = -r - 4*r. Let g = r + 193. List the prime factors of g.
3, 79
Suppose -7*j - 3*j + 20 = 0. Suppose -3 = a - 0*a, j*u - 5*a = 33. List the prime factors of u.
3
Suppose -15*y - 4*y = -12179. List the prime factors of y.
641
Let q(h) = -h**3 + 9*h**2 + 15*h - 14. Let a = 40 - 30. What are the prime factors of q(a)?
2, 3
Let w(v) = -v**3 + 3*v**2 + 4*v - 1. Let p be w(4). Let t be ((-4)/8)/p*-72. Let j = -6 - t. List the prime factors of j.
2, 3, 5
Let s = -17 - -20. Let r = s - 0. Suppose -2*p = -2*l - 100, 3*p = 5*p + r*l - 75. List the prime factors of p.
3,